j - 11. Let y be k(-6). Let p be (y/2)/(-1)*6. What is the greatest common factor of p and 75?
15
Let b(p) be the third derivative of p**6/120 + p**5/5 + p**4/24 + p**3/3 + 2*p**2. Let v be b(-11). Calculate the greatest common factor of 14 and v.
14
Suppose 0 = -5*q - 3*w + 30, 5*q + w + 0*w - 40 = 0. What is the highest common divisor of q and 3?
3
Let y = -194 + 133. Let a = y + 94. Suppose 5*p - 8 = 47. Calculate the highest common factor of a and p.
11
Suppose -3*s + 9 = -0. Suppose 5 = 2*x - s. Calculate the greatest common divisor of 2 and x.
2
Suppose 5*v - 6 = r + 4, 4*r - 4 = -2*v. Suppose 566 = 3*h + 5*t, r = 2*h + 2*h + t - 749. Calculate the highest common divisor of h and 17.
17
Let z = -120 - -227. Suppose -356 = -4*g - 4*w, -3*g = -4*w - 167 - z. What is the greatest common factor of g and 18?
18
Let b(m) = -2*m - 1. Let j be b(-3). Suppose j*n + 227 = 4*z - 0*n, 4*n = 2*z - 106. Calculate the greatest common factor of 42 and z.
21
Suppose -u = 2 - 4. Let f = -1 + 1. Suppose 9*b = 2*c + 4*b - 37, 5*c - 2*b - 82 = f. Calculate the greatest common divisor of c and u.
2
Suppose -j - 81 = 2*j. Let b = 41 + j. Calculate the greatest common factor of 7 and b.
7
Let p be (-7 - 4)*-1 + 0. Calculate the greatest common factor of p and 55.
11
Let h = -20 - -31. Suppose 0 = -2*p + 3*r + 35, -p = -0*p + 2*r - 7. Let y = h + p. What is the greatest common factor of 12 and y?
12
Let r(o) = -o**3 + 5*o**2 + 7*o - 6. Let p be r(6). Suppose 2*f - 26 = -p. What is the greatest common factor of f and 117?
13
Let v be (42/28)/(1/12). What is the greatest common divisor of 18 and v?
18
Let k = -6 + 18. Let r = 32 - k. Let z = 7 + -3. What is the highest common factor of r and z?
4
Let s = 19 + -12. Suppose 66 = 10*a - s*a. Calculate the highest common factor of a and 2.
2
Suppose -7*u + 5 = -6*u. Suppose -5*g + b + 134 = 0, -2*b = u*g + 3*b - 140. Suppose -54 = -0*k - 3*k. Calculate the greatest common divisor of k and g.
9
Let n = 5 + -4. Let z = 5 + n. Calculate the greatest common divisor of z and 6.
6
Suppose -4*o = 3*r + 29, 3*r + 13 = -3*o - r. Let i = o - -21. What is the greatest common divisor of 90 and i?
10
Suppose 4*w - 21 = 5*q, -3*q + w - 8 = q. Let n be (-1)/(1/25*1). Let i be ((-20)/n)/(q/(-5)). What is the greatest common factor of i and 44?
4
Let r = 50 - 46. What is the greatest common divisor of r and 10?
2
Suppose 9*i = 6*i - 48. Let a = -12 - i. Calculate the greatest common factor of a and 20.
4
Let l be (10 + -1)*(-1)/3. Let k be 18 - (0 + l + 1). Let o(c) = -c + 30. Let h be o(0). What is the highest common divisor of h and k?
10
Let l = 7 + -5. Let t be ((-3)/l)/3*-14. What is the greatest common divisor of 1 and t?
1
Suppose 3*c + 4*v + 33 - 353 = 0, 0 = -4*c + 5*v + 375. Calculate the highest common factor of 25 and c.
25
Let q = 9 - -3. What is the highest common divisor of q and 108?
12
Let l = -5 + 7. Suppose a = 2*a + l*o - 21, 0 = -a - o + 18. What is the greatest common divisor of a and 30?
15
Suppose 3*g - 130 = -t, -4*g + 5*t + 216 = 11. Let f = -18 - -27. Calculate the greatest common divisor of g and f.
9
Let f(k) = 4*k + 14. Let w be f(-3). What is the greatest common factor of 32 and w?
2
Let h = -62 + 126. Let j = -44 + h. What is the greatest common factor of 10 and j?
10
Let a(y) = -y**3 - y**2 + 3*y + 2. Let k be a(-2). Suppose -4*p + 2*p + 288 = k. Calculate the greatest common divisor of 16 and p.
16
Let h be (-2)/(-2 + 0) - -48. What is the greatest common divisor of 7 and h?
7
Suppose -2*o + 31 = -d - 14, -5*d = -2*o + 41. Calculate the highest common factor of o and 253.
23
Let n be (-4)/(-8)*(3 + -1). Let j(d) = n + 1 - 1 + 11*d + d**2. Let p be j(-11). What is the greatest common divisor of 2 and p?
1
Suppose -4*o = -3*v + 2*v - 13, -4*v + o - 7 = 0. Let j(s) = -85*s. Let f be j(v). What is the greatest common divisor of 17 and f?
17
Let q = 15 - -113. Suppose q = 3*o - o. Calculate the highest common divisor of o and 8.
8
Let u(c) = -c**2 - c. Let b be u(0). Let z be (-3 - -5) + (0 - b). Suppose 2*s = z*n + 22, 0 = 5*s - 4*n - 52 - 8. What is the highest common factor of 2 and s?
2
Let j = -34 - 50. Let x = j - -184. What is the greatest common divisor of 40 and x?
20
Suppose 20*s - 57 = 17*s. Calculate the greatest common factor of s and 171.
19
Let h(f) = -8 + 2 + 18*f - 2. Let s be h(6). Suppose 0 = -0*x - 2*x + s. What is the greatest common factor of x and 10?
10
Let p(m) = -3*m**3 + m**2 + m - 1. Let l be p(-2). Let a be 1*l - 4/(-4). What is the greatest common factor of 78 and a?
26
Let v = 15 - 6. Let m(l) = -l**3 - 11*l**2 - 10*l. Let j be m(-10). Suppose j = -z + 1 + 2. Calculate the greatest common divisor of v and z.
3
Let n(z) = -z**3 + 7*z**2 - 5*z - 2. Let d be n(6). Let l be -10*(d/1)/2. Let q = 34 + l. What is the highest common divisor of 28 and q?
14
Let n be ((-1)/(-4))/((-3)/(-36)). Suppose -2*i = -3*i + 5*z + 10, -3*i + 42 = -3*z. What is the highest common divisor of n and i?
3
Let f(d) = d**3 - 1 + 1 - 3*d**2 - 6*d. Let g(q) = q**2 + 4*q. Let h be g(-5). Let b be f(h). What is the greatest common factor of 10 and b?
10
Let u(b) = -b + 2. Let o be u(-2). Suppose 2*f - o - 6 = 0. Let x be 2*4 + -2 - 1. Calculate the highest common divisor of f and x.
5
Suppose -13 = -n - 3*u + 10, -2*u = -n + 8. Calculate the greatest common factor of n and 4.
2
Suppose 0 = 3*p + 5*q - 34, -16 = -2*p - 4*q + 8. Calculate the greatest common factor of 56 and p.
8
Suppose -3*m + 3*k + 36 = 0, 0*m - 32 = -3*m + 5*k. Calculate the highest common divisor of 98 and m.
14
Let n = 189 - 85. Suppose 4*j + 3*t - 2*t = 74, -5*t - 8 = -j. Let o = 31 - j. What is the greatest common divisor of n and o?
13
Let t(v) = 8*v + 3. Let c be (-9)/(-4) - (-6)/8. Let x be t(c). What is the greatest common divisor of 243 and x?
27
Let u(n) be the third derivative of 7*n**5/12 + n**4/24 - 2*n**2. Let q be u(1). Suppose -4*t = -4 - q. Calculate the greatest common divisor of t and 10.
10
Suppose 5*s = -2*r + 17, 0 = -s - 4*r - 11. What is the greatest common divisor of 15 and s?
5
Let a be -13*(2 - 9/3). What is the highest common factor of 39 and a?
13
Let i(d) = 2*d**2 - 43*d + 25. Let a be i(21). Calculate the highest common factor of 44 and a.
4
Let x = -7 + 14. Let t be 3/9 - (-88)/6. Let c = -1 + t. What is the highest common divisor of c and x?
7
Let o be 17 - (-2 - -4)/1. Let p(b) = -19*b. Let n be p(3). Let j = n - -222. What is the greatest common factor of j and o?
15
Let i = -4 + 10. Let d(r) = -5*r**2 - 2*r**3 + 0*r**2 + r**2 + 3*r + 2*r**2 + 2. Let v be d(-2). What is the highest common factor of i and v?
2
Suppose -6*s - 4*s + 240 = 0. Calculate the greatest common factor of 16 and s.
8
Suppose -2*p = -h + 50, 130 = 2*h + p + p. What is the greatest common divisor of h and 15?
15
Let c(y) = y**2 - 2*y - 5. Let v be c(-5). Calculate the greatest common divisor of v and 15.
15
Let r = 6 - 1. Suppose 2*y + 8 = 0, -j + 4*y = -3*j + 4. What is the highest common divisor of r and j?
5
Suppose 0 = -4*i + 11 + 1661. Calculate the greatest common factor of 38 and i.
38
Suppose 0*j = s - 4*j + 26, 5*s + j + 25 = 0. Let y = s + 9. Suppose -y*r + 37 = -2. Calculate the highest common divisor of r and 117.
13
Suppose 4*n = -4*v - n - 5, 4*n - 2 = -2*v. Let b = -3 - v. Suppose -3*s - 3*g = 2*s - 89, 3*s + 5*g - 63 = 0. Calculate the greatest common factor of s and b.
2
Suppose 3*u = 205 - 481. Let p = u - -202. Calculate the highest common divisor of 11 and p.
11
Let y be (-37)/(-4) - 2/8. Suppose 7*x + 223 - 664 = 0. What is the highest common factor of y and x?
9
Suppose 3*n = -0*n + 336. Let q(z) = 2*z - 10. Let o be q(12). What is the highest common divisor of o and n?
14
Suppose -3*t - 20 = 4*b + t, -3*b + 2*t + 5 = 0. Let w be (9 - -7) + 0/b. What is the highest common factor of w and 48?
16
Let v(m) = -m + 1. Let f be v(-3). Let h be (-800)/(-6) + 10/15. Let c = h + -90. Calculate the greatest common factor of c and f.
4
Let b be 0 + 3*4/6. Suppose -b*r + 4 = -3*r. Let i be (-1)/r + (-2106)/(-24). Calculate the greatest common divisor of i and 11.
11
Let f(o) = -o**3 + 13*o**2 + o - 11. Let j be f(13). Suppose 3*x + j*x + 2*i - 69 = 0, -3*x = -5*i - 60. What is the greatest common divisor of 60 and x?
15